- 19*p**2 - 110 - 166 + 6*p**2 + 83. Let u be v(32). What is the greatest common factor of u and 124?
31
Let l be -7 + 143 + 12/(-3). Suppose -l*z = -130*z - 84. What is the highest common divisor of 28 and z?
14
Let n = -15779 + 16048. What is the greatest common divisor of 34432 and n?
269
Suppose o - 2*o = 4*g + 36, -g = -4*o - 178. Let y = 69 + o. Let x = 499 - 489. What is the highest common factor of x and y?
5
Let m be ((-3)/(-9))/((-18)/(-26460)). Calculate the greatest common divisor of m and 70.
70
Let s(y) = -y**3 - 10*y**2 - 15*y - 11. Let t be s(-9). Suppose -m + 3*o + 41 = m, -t = -m - 3*o. Calculate the highest common divisor of m and 112.
28
Let r(y) = 1105*y - 4145. Let b be r(19). Calculate the highest common divisor of b and 50.
50
Suppose -13*w = -15*w - 5*b + 916, 456 = w + 2*b. What is the highest common divisor of 512 and w?
64
Suppose 228 - 893 = -5*u. Let i be 76/(-76) - 2*(-5 + 1). What is the greatest common divisor of i and u?
7
Suppose 0*y + y - 27 = 0. Let n = 144 - y. What is the greatest common divisor of 26 and n?
13
Let l = 110 - 104. Suppose -l*r = 19 - 7. Let m be (-88)/10*45/(-5 - r). Calculate the greatest common factor of m and 12.
12
Let n = -199 - -304. Let x = -28 + n. Let w = 116 - x. What is the highest common factor of w and 26?
13
Suppose -16*g + 37 + 99 = 8. What is the highest common factor of 68 and g?
4
Let t = 36 - 24. Let n(v) = -v**3 + 9*v**2 - 12*v - 2. Suppose 0 = 15*b - 2*b - 52. Let s be n(b). Calculate the greatest common factor of t and s.
6
Suppose 4*z = -5*t + 17993, 19*t - 17*t = -4*z + 7178. Calculate the greatest common factor of t and 15.
5
Let z be (-1)/((((-28)/(-56))/(93/2))/(-1)). Calculate the highest common divisor of 33 and z.
3
Suppose 8*n + 11 = 27. Suppose n*o - 5*v = 3, -3*o - 3 = 12*v - 17*v. Let r(u) = u**2 + u + 20. Let z be r(o). What is the highest common factor of z and 125?
25
Suppose 3*o + z - 1984 = -0*z, 2*z = 5*o - 3314. Let d = o + -473. Calculate the highest common factor of d and 27.
27
Let p(q) = q**3 + 7*q**2 - q - 17. Let j be p(-3). What is the highest common factor of j and 979?
11
Let v = -36 + 44. Suppose 201 + 39 = v*r. Suppose -165 = -4*u - b, 0 = 4*u + 3*b - 205 + r. What is the highest common factor of 5 and u?
5
Suppose 8*f = -9*f - 65858. Let y be (f/(-195) - 4/(-30)) + 2. Calculate the highest common factor of y and 2.
2
Suppose -2*d + 18 = 2*i, 5*d + 545*i = 543*i + 63. Calculate the highest common divisor of d and 33315.
15
Suppose 3073 = 433*n - 426*n. Let s = n - 434. Calculate the greatest common factor of 215 and s.
5
Suppose -28*d + 10374 = 154*d. What is the highest common factor of 988 and d?
19
Let o(r) = 16*r + 164. Let i be o(-10). Suppose 5*a = -5*z + 140, 19 = i*a + 5*z - 98. What is the greatest common divisor of a and 207?
23
Let h(d) = 6*d**2 + 2*d**3 + 25 - d**2 - d**3 + 2*d**2. Let q be h(-7). What is the highest common divisor of q and 75?
25
Let c = 71312 - 71252. Suppose 2*r - 602 = -3*b - 158, 9 = -3*r. Calculate the greatest common factor of b and c.
30
Let g(a) = 354*a**2 + 54*a - 12. Let j be g(2). What is the greatest common divisor of j and 1656?
72
Let i(w) = 3*w - 28. Let o be i(10). Let j be -1*(1 + o + 1 - 73). What is the highest common factor of 299 and j?
23
Let z = 4246 - 2762. What is the greatest common divisor of 98 and z?
14
Let n be -5 + 654/8 - (-30)/120. What is the greatest common factor of n and 440?
11
Suppose 0 = -5*r + 2*o - 117, o - 95 = 3*r + 6*o. Let k be r/3 - (-3)/9. Let j be 72*2/k*-2. Calculate the highest common factor of j and 396.
36
Let w be ((-129880)/1337)/(10/(-84)). What is the highest common divisor of 2499 and w?
51
Let v(q) = 16*q + 3. Let k be v(2). Let i be k + (-6 + 4 - -4). Let w be (5 - 5)/(0 + 4) - -185. Calculate the highest common divisor of w and i.
37
Let c be 1 - 20/15 - (-20)/6. Let q(f) = -f**2 + 454*f - 4*f**2 + c*f**2 - 478*f + 14. Let v be q(-12). What is the greatest common factor of 35 and v?
7
Let j be 2140 + 8/32*64. Calculate the highest common divisor of j and 231.
77
Suppose -12*c = 28 + 8. Let o(p) = -18*p + 51. Let x be o(c). Calculate the greatest common divisor of x and 10.
5
Suppose 29*v = 26*v + 5451. Let s be 3 + (-280)/88 + v/11. What is the highest common factor of 231 and s?
33
Suppose 24*d - 19*d - 686 = 649. What is the greatest common divisor of d and 27?
3
Let w = 119 - 118. Let z be w + 2 + (-765)/(-15). What is the greatest common divisor of z and 297?
27
Suppose -58*n + 62*n + 2024 = 0. Let q = n - -507. Suppose -5*r + 1 + 19 = 0. What is the greatest common factor of r and q?
1
Let c = -29735 + 30155. What is the highest common factor of 700 and c?
140
Let r = -58 + 74. Suppose -28*s = -20*s + 40. Let o be (2/s)/((-12)/3840). Calculate the greatest common divisor of o and r.
16
Let f be (-14 - -2207) + 12/2. Suppose -f = -7*s - 204. Calculate the highest common divisor of 15 and s.
15
Let t(q) = 63*q + 38. Let l(a) = -2*a**3 - a**2 + 1. Let w be l(-1). Let x be t(w). What is the greatest common factor of 246 and x?
82
Suppose 2*g + k + 1209 = 12905, -2*g - 5*k = -11664. What is the greatest common divisor of g and 176?
44
Let v be (-10 - 99/(-11))/(1/3) + 1020. What is the highest common factor of 9 and v?
9
Let b be (-15)/(-6)*-2 + 1. Let j = 12 - b. Let h be (-3)/(7 - ((-435)/(-56) + 520/(-728))). Calculate the highest common divisor of j and h.
8
Suppose 134 = 5*i - 26. Let p = i - 20. Calculate the highest common factor of p and 3.
3
Suppose -2*r + 3*a = -424, -76*r + 5*a + 636 = -73*r. What is the greatest common factor of 100 and r?
4
Let c(v) = v**3 + 9*v**2 - 326*v - 2790. Let m be c(-9). What is the greatest common divisor of m and 4464?
144
Suppose 0 = -4*x + 5 - 1. Let n = -1554 + 1570. Let r = n + x. What is the highest common factor of 34 and r?
17
Let i = 402 + -276. Suppose 12*p = 8*p + 96. Suppose -6*d + p = 2*t - 5*d, 0 = 5*t + 2*d - 62. What is the highest common factor of t and i?
14
Let f be ((-24)/16)/((-3)/4). Suppose 119*a - 13 = -v + 122*a, -41 = -f*v + 3*a. What is the highest common factor of 406 and v?
14
Suppose -7*b + 1989 = 2*b. Suppose 1045 = -u + b. Let y be 4/18 - (1 - u/(-18)). Calculate the greatest common divisor of 18 and y.
9
Let b(s) = -7*s**2 + 9*s + 10. Let y be b(-1). Let o be ((-3)/(-3))/(y/(-24)). Let x = -3 - -4. What is the highest common factor of o and x?
1
Let t be ((-56)/21)/((-16)/35496). Calculate the greatest common factor of t and 51.
51
Let y = 3481 + -3466. Let p(b) = -82*b**3 - b**2 - b - 1. Let a be p(-1). Let f = 24 + a. What is the greatest common factor of y and f?
15
Let z = 222 - -229. Let u = -345 + z. Calculate the highest common factor of u and 1166.
106
Suppose -44*k + 2970 = -990. Let j = 263 + -203. What is the greatest common divisor of j and k?
30
Let p = 18 - 15. Suppose p*o + o - 12 = 0. Suppose -4*i = -o*i - 126. Calculate the highest common divisor of 18 and i.
18
Suppose -109*g - 5968 = -12072. Suppose 2*q - q + 241 = 5*l, 0 = 3*l + 3*q - 141. Calculate the greatest common factor of l and g.
8
Let n be 2/7 - 290/(-14). Suppose 0 = 2*u - 4*w + 82, 4*u + 4*w + 245 = 57. Let y be ((u/6)/(-3))/((-85)/(-102)). What is the highest common divisor of n and y?
3
Let b be (-21)/6*680/(-70). Let l(i) = -2*i**3 - i + 4. Let h be l(-6). Calculate the greatest common factor of h and b.
34
Let n = -2864 + 2933. Calculate the highest common factor of 18 and n.
3
Suppose 3*c + 7*p - 6740 = 12*p, 5*c + p = 11252. What is the highest common divisor of c and 36?
18
Let c(k) = 26*k - 144. Let y be c(6). Suppose 0*u - 6 = -2*u, -g = -u - y. Let i(n) = 15*n. Let m be i(1). Calculate the greatest common divisor of m and g.
15
Let h(r) be the third derivative of r**5/30 - 19*r**4/24 + 15*r**3/2 - 11*r**2 - r. Let u be h(3). What is the greatest common factor of u and 150?
6
Let i = 122 + -37. Let n(d) = -d**2 - 9*d - 3. Let x be n(-8). What is the highest common divisor of x and i?
5
Let q = 7 + 87. Suppose -q*m = -89*m - 40. Suppose -14*l + m*l + 42 = 0. What is the greatest common factor of l and 7?
7
Suppose -5*w + 193 = -4*i, 4*w + 3*i - 230 = -57. Let l be (53 + -340)*((-3)/(-3) + -2). Calculate the highest common divisor of l and w.
41
Let y = -3319 + 3419. What is the highes